k(l) be the first derivative of 11*l**3 + 55 - 3*l - 35 - 4*l**2 - 28. List the prime factors of k(-2).
5, 29
Let b = 30 - 460. Let m = b + 613. List the prime factors of m.
3, 61
Let x be ((24/(-10))/(-3))/((-14)/(-35)). Suppose 0*v + v - 448 = 4*t, v = -x*t + 424. List the prime factors of v.
2, 3
Suppose -9*p + 1707 = -3342. Suppose p + 1887 = 8*x. Suppose -d + x - 16 = 0. What are the prime factors of d?
2, 5, 29
Let q(v) = -2*v**2 - 10*v - 5. Let w be q(6). Let z = w + 189. What are the prime factors of z?
2, 13
Let k(v) = -3*v**3 - 24*v**2 + 37*v + 67. What are the prime factors of k(-14)?
17, 181
Let z = -26 + 37. Suppose -z*m + 13*m = 8. Suppose 555 = m*x + x. What are the prime factors of x?
3, 37
Suppose 5*b = 6*b - 1, -3*b = -2*z + 895. Let g = 1153 - z. What are the prime factors of g?
2, 11
Let z(w) = -3*w**2 - 19*w - 9. Let s be z(-6). List the prime factors of s/(-9) - -5326*(-3)/(-18).
2, 3, 37
Let m(x) = 2*x**2 - 3*x - 2. Let p be m(3). Suppose 0 = 5*n + 3 + p, q = 2*n + 8. Suppose -2*s - s - 137 = -2*w, w + q*s - 52 = 0. List the prime factors of w.
2
Suppose 0 = 24*l - 20*l + 1592. Let t = 26 - l. Suppose 6*y - t = -142. List the prime factors of y.
47
Let z(l) = -8*l - 94. Let y = -345 - -326. List the prime factors of z(y).
2, 29
Let j be 15*1 + -32 + 26. What are the prime factors of j/6*140*4?
2, 3, 5, 7
Suppose -111*a + 495081 - 315055 = -461665. List the prime factors of a.
3, 41, 47
Suppose -3*y + 5*c - 811 = 0, 3*y - 4*c = -83 - 726. Let b = -121 - y. Suppose 0 = 2*x - b + 34. What are the prime factors of x?
2, 7
Let h = 33741 - 33736. What are the prime factors of h?
5
Suppose 4*z = 2*z - 100. Let b be (-3142)/(-26) - (-1 + (-44)/(-52)). Let t = z + b. List the prime factors of t.
71
Let q be (-292)/(-8)*(-3)/((-6)/4). Let w = 72 - q. What are the prime factors of 11610/50 + w*3/15?
2, 29
Suppose 3*c + 4 = -4*v, -3*c = -2*c + 4*v - 4. What are the prime factors of 2*167/c*-10?
5, 167
Suppose 59*x - 81649 = 153820. What are the prime factors of x?
13, 307
Let o(n) = 16*n + 8. Let x be o(2). Suppose -k + 3*m + 12 = -x, -5*k + 260 = 2*m. What are the prime factors of k?
2, 13
Let j(o) = -o**3 + 7*o**2 - 6*o. Let v be j(6). Suppose v = 58*p - 53*p - 1365. Suppose -6*w + 1473 - p = 0. List the prime factors of w.
2, 5
Let x be 14 + -6 + 2 + (-4 - 0). Suppose -x*n = -9891 + 1695. List the prime factors of n.
2, 683
Suppose 2*z - 3*p - 18 = 0, 2*z + 0*z + 5*p = -14. Suppose t - 4*b - 607 = 0, -z*b + 6*b + 1794 = 3*t. List the prime factors of t.
5, 7, 17
Let u(g) = 8*g + 14*g + 6 - 32*g + 12*g. Let h be u(-4). List the prime factors of (8 + 8/h)/(2/21).
2, 3, 7
Let m(d) = 719*d - 211. Let t(b) = -144*b + 42. Let w(f) = 2*m(f) + 11*t(f). What are the prime factors of w(-7)?
2, 3, 59
Let b = 3532 + 424. List the prime factors of b.
2, 23, 43
Let l(c) = -148*c + 19. Let d be l(-5). Let g = -369 + d. What are the prime factors of g?
2, 3, 5, 13
Let z(b) be the first derivative of -b**3/3 - 15*b**2/2 + 27*b + 42. List the prime factors of z(-12).
3, 7
Let n = -3398 + 11549. List the prime factors of n.
3, 11, 13, 19
Let t(x) = 12*x + 27. Let n be t(-2). Suppose 12*g = n*g + 3960. List the prime factors of g.
2, 5, 11
Suppose 318465 = 51*o - 16*o. List the prime factors of o.
3, 337
Let x be (-20 - -19)/((-1)/(-3)). Let c be (x - -4)*(-40)/(-1). List the prime factors of (-16)/c + 24/10.
2
Let n = -142 + 142. Suppose n = -31*x + 39*x - 4472. List the prime factors of x.
13, 43
Suppose -3*t + 7*l + 885 = 0, 24*l + 269 = t + 26*l. List the prime factors of t.
281
Let f(w) = -3038*w**3 - w**2 - 39*w - 80. What are the prime factors of f(-2)?
2, 12149
What are the prime factors of 4578/327 + (0 - -3548)?
2, 13, 137
List the prime factors of (-15573)/(-5) + 54/10 + -6.
2, 3, 173
Suppose 37*w - 11*w = 6032. Suppose 7*d - w = 279. List the prime factors of d.
73
Suppose 0 = -3*t + 5*g + 77520, -103334 = -4*t + 4*g - 6*g. What are the prime factors of t?
5, 5167
Suppose 108945 = 97*n - 529338 + 135435. List the prime factors of n.
2, 3
Suppose 3*f + 5*m - 36581 = 0, 0 = 4*m + 23 - 3. List the prime factors of f.
2, 6101
Suppose -3*k = -18*k. Suppose k*p + 25 = -5*p, p + 55 = 2*a. List the prime factors of a.
5
Let k be 4/(-6) - -28*2/12. Let v = k - -41. Suppose 4*q - 4*w = 179 + v, -q - w = -64. List the prime factors of q.
2, 3, 5
Let x be 489403/183 + 2/3. Let t = x + -1584. List the prime factors of t.
1091
Suppose 0 = i + 5*p + 2, 1 = -3*i + 5*p - 5. Let o be ((-20)/8)/(i + (-6)/(-4)). Let d(k) = k**3 + k**2 + 2*k. What are the prime factors of d(o)?
2, 5
Let v(b) = 1112*b**2 - 222*b + 901. List the prime factors of v(4).
3, 5, 1187
Let t = -26 - -29. Let s be (t + -4 + 2)*-86. What are the prime factors of (s/6)/(-1 + (-24)/(-27))?
3, 43
Let v be 30/35*(1 - -223). Let w = -66 + v. Let n = w + 17. What are the prime factors of n?
11, 13
Let y(d) = d**2 - d + 2. Let m be y(4). List the prime factors of ((-77)/m - -6)*1362.
3, 227
Let d(x) = -x**2 + 12*x + 6. Let z be d(7). Let v = -170 - -302. Suppose -c + z = -k, -38 = -4*c - 2*k + v. What are the prime factors of c?
2, 3, 7
Suppose 6*f = f + 45. Let l(z) = f*z**2 + z**2 + z + 34 - 35. List the prime factors of l(2).
41
Let p = -84 - -1281. List the prime factors of p.
3, 7, 19
Let v = 377 - 112. Let t = v - 100. What are the prime factors of t?
3, 5, 11
Let j = 21128 + -12599. What are the prime factors of j?
3, 2843
Let i = 1121 + -588. Suppose 5*j + 783 = -2*z - 549, -2*j - z - i = 0. Let c = j + 443. List the prime factors of c.
3, 59
Suppose -3*d + f = 73, -4*d - 77 = 3*f + 29. Let l = d - -27. Suppose 5*v + l*a - 420 = -0*a, 415 = 5*v + 3*a. What are the prime factors of v?
2, 43
Let i(v) be the second derivative of v**5/20 - 5*v**4/12 + 2*v**3 - 12*v**2 + 25*v + 3. What are the prime factors of i(7)?
2, 79
Suppose -154*i + 2327802 + 1154463 = -85145. What are the prime factors of i?
5, 41, 113
List the prime factors of (11586/(-12))/(1/(-60)).
2, 3, 5, 1931
Suppose -442548 - 1588052 = -26*r. What are the prime factors of r?
2, 5, 11, 71
Let h(q) = 621*q**2 + 7*q - 1. Let b be h(-2). Let z = -1338 + b. List the prime factors of z.
3, 13, 29
Let w(d) = 21 + 557*d**2 - 39 + 16. List the prime factors of w(-1).
3, 5, 37
Let t(f) = f**2 - 14*f + 33. Let r be t(3). List the prime factors of (1 - 49)*(-9 + r).
2, 3
Let h(p) = -p**3 + 7*p + 9. Let i be h(-7). Suppose 4*r + 517 = 5*c, 4*c = -5*r + i + 127. List the prime factors of c.
3, 5, 7
Suppose -44 - 176 = -11*s. Let x be (-1)/(((-38)/513)/(0 + 20)). Suppose s*w = 17*w + x. What are the prime factors of w?
2, 3, 5
Suppose -14 = -2*b + 22. Suppose -2*p - b = -8*p. Suppose p*u = -4*d + 57, -2*d = 4*u + 4 - 20. What are the prime factors of d?
2, 3
Suppose -4*z = 3484 - 12016. Let m = -966 + z. List the prime factors of m.
3, 389
Let l(j) = 237*j + 715. List the prime factors of l(11).
2, 11, 151
Let k(y) = 49 + 33*y + 92*y - 171 + 70*y. What are the prime factors of k(3)?
463
Let o(h) = -h**2 + 6*h - 1. Let d be (3/(-2))/((-78)/208). Let f be o(d). Suppose 8*c - 146 = f*c. List the prime factors of c.
2, 73
Let u = -2291 - -4044. List the prime factors of u.
1753
Let u(f) = 1720*f - 3153. What are the prime factors of u(23)?
7, 743
Suppose -1465*y + 144708 = -1463*y. List the prime factors of y.
2, 3, 31, 389
Suppose 0 = -222*f + 108*f + 366510. List the prime factors of f.
5, 643
Let y be (-6)/(-3) + (-1548)/(-3). Let b = y - 211. List the prime factors of b.
307
What are the prime factors of (-1 - 4 - (-347878)/6) + (-8)/(-24)?
3, 5, 773
Let k(y) = -y**2 - 10*y - 5. Suppose -16 = 3*c + 2*l, -2*c - l - 2*l = 14. Let z be k(c). Suppose 3*t = 0, 3*m - 289 = 3*t - z. List the prime factors of m.
2, 3, 5
Let z be ((-248)/(-10))/((-48)/120). What are the prime factors of 44/((-376)/z + -6 + 0)?
2, 11, 31
What are the prime factors of ((-15)/6)/(-1) + (-1 - (-179895)/10)?
3, 1999
Let r be 762/5 - ((-90)/25 - -4). Suppose -13*u + 12*u = -r. What are the prime factors of u?
2, 19
Let v(w) = 8*w + 2*w - 14*w - 3 + 5*w. List the prime factors of v(39).
2, 3
Suppose -1346*c = -1359*c + 655408. List the prime factors of c.
2, 23, 137
Let m(k) = -7*k**2 - 77. Let h be m(0). Let n = -71 - h. What are the prime factors of n?
2, 3
Let j =